What is the tens digit of 2157017?
1
What is the millions digit of 2995488?
2
What is the tens digit of 1519042?
4
What is the hundreds digit of 4421240?
2
What is the thousands digit of 263511?
3
What is the thousands digit of 155504?
5
What is the units digit of 272645?
5
What is the ten thousands digit of 809476?
0
What is the thousands digit of 2861235?
1
What is the thousands digit of 1179924?
9
What is the units digit of 619166?
6
What is the ten thousands digit of 5906153?
0
What is the ten thousands digit of 7212965?
1
What is the thousands digit of 420953?
0
What is the units digit of 276190?
0
What is the hundreds digit of 5428707?
7
What is the hundreds digit of 1045984?
9
What is the tens digit of 16451321?
2
What is the millions digit of 3683204?
3
What is the millions digit of 2326977?
2
What is the tens digit of 58293?
9
What is the units digit of 5817815?
5
What is the tens digit of 4753513?
1
What is the thousands digit of 563441?
3
What is the units digit of 163172?
2
What is the units digit of 6638414?
4
What is the hundred thousands digit of 252122?
2
What is the hundred thousands digit of 2213145?
2
What is the millions digit of 5071129?
5
What is the tens digit of 577141?
4
What is the ten thousands digit of 146422?
4
What is the thousands digit of 962829?
2
What is the tens digit of 42001?
0
What is the hundreds digit of 667848?
8
What is the millions digit of 1952399?
1
What is the thousands digit of 764220?
4
What is the ten thousands digit of 468323?
6
What is the tens digit of 13809515?
1
What is the tens digit of 505800?
0
What is the ten thousands digit of 383436?
8
What is the tens digit of 289783?
8
What is the tens digit of 881035?
3
What is the tens digit of 8414621?
2
What is the ten thousands digit of 170206?
7
What is the ten thousands digit of 22717972?
1
What is the thousands digit of 1923466?
3
What is the millions digit of 12858987?
2
What is the tens digit of 634782?
8
What is the hundred thousands digit of 5137344?
1
What is the ten millions digit of 17388593?
1
What is the tens digit of 532980?
8
What is the millions digit of 4042965?
4
What is the ten thousands digit of 74689?
7
What is the hundred thousands digit of 23615257?
6
What is the millions digit of 5053043?
5
What is the tens digit of 38922335?
3
What is the thousands digit of 595282?
5
What is the thousands digit of 302987?
2
What is the units digit of 12718963?
3
What is the hundreds digit of 523059?
0
What is the tens digit of 9049641?
4
What is the ten thousands digit of 6557691?
5
What is the thousands digit of 1149868?
9
What is the thousands digit of 2294267?
4
What is the thousands digit of 213113?
3
What is the tens digit of 206596?
9
What is the millions digit of 34593388?
4
What is the tens digit of 4289377?
7
What is the hundreds digit of 3840804?
8
What is the tens digit of 92112?
1
What is the hundreds digit of 385733?
7
What is the hundreds digit of 367865?
8
What is the hundreds digit of 9919210?
2
What is the tens digit of 2521705?
0
What is the units digit of 684607?
7
What is the hundred thousands digit of 29114449?
1
What is the hundred thousands digit of 5589571?
5
What is the ten millions digit of 20141468?
2
What is the hundred thousands digit of 22314080?
3
What is the tens digit of 10180984?
8
What is the hundreds digit of 4297273?
2
What is the tens digit of 7254248?
4
What is the thousands digit of 2183539?
3
What is the hundreds digit of 1128968?
9
What is the tens digit of 43622?
2
What is the tens digit of 755354?
5
What is the units digit of 20396?
6
What is the millions digit of 1340240?
1
What is the units digit of 484970?
0
What is the ten thousands digit of 927419?
2
What is the hundreds digit of 528919?
9
What is the hundred thousands digit of 199544?
1
What is the units digit of 5564170?
0
What is the ten millions digit of 12061567?
1
What is the hundred thousands digit of 5175227?
1
What is the tens digit of 11574007?
0
What is the hundreds digit of 3742124?
1
What is the millions digit of 1142201?
1
What is the ten thousands digit of 7171724?
7
What is the thousands digit of 3097273?
7
What is the tens digit of 1237911?
1
What is the ten thousands digit of 706369?
0
What is the hundred thousands digit of 394440?
3
What is the tens digit of 1584313?
1
What is the millions digit of 2260715?
2
What is the thousands digit of 337087?
7
What is the hundreds digit of 8610096?
0
What is the thousands digit of 130237?
0
What is the hundred thousands digit of 730968?
7
What is the units digit of 80010?
0
What is the millions digit of 2300068?
2
What is the thousands digit of 336061?
6
What is the units digit of 33899?
9
What is the tens digit of 227896?
9
What is the tens digit of 732761?
6
What is the tens digit of 1546327?
2
What is the hundreds digit of 21920?
9
What is the tens digit of 1497967?
6
What is the hundred thousands digit of 6186774?
1
What is the units digit of 996946?
6
What is the tens digit of 10675381?
8
What is the ten thousands digit of 1529901?
2
What is the hundred thousands digit of 416141?
4
What is the hundreds digit of 5236721?
7
What is the thousands digit of 98642?
8
What is the hundreds digit of 4102377?
3
What is the hundreds digit of 245301?
3
What is the hundreds digit of 472288?
2
What is the ten thousands digit of 1722570?
2
What is the ten thousands digit of 16975816?
7
What is the units digit of 8925788?
8
What is the hundred thousands digit of 11550254?
5
What is the tens digit of 134493?
9
What is the hundreds digit of 663371?
3
What is the hundreds digit of 3100923?
9
What is the ten thousands digit of 31707?
3
What is the hundred thousands digit of 18865846?
8
What is the tens digit of 3549344?
4
What is the hundred thousands digit of 465173?
4
What is the hundred thousands digit of 14292107?
2
What is the hundred thousands digit of 116634?
1
What is the thousands digit of 1267021?
7
What is the units digit of 90246?
6
What is the ten thousands digit of 4573127?
7
What is the thousands digit of 1047808?
7
What is the hundred thousands digit of 265400?
2
What is the hundred thousands digit of 434713?
4
What is the hundred thousands digit of 144565?
1
What is the thousands digit of 343620?
3
What is the ten thousands digit of 3295738?
9
What is the thousands digit of 3149323?
9
What is the hundreds digit of 278937?
9
What is the ten thousands digit of 349072?
4
What is the hundred thousands digit of 7305039?
3
What is the hundreds digit of 14897401?
4
What is the units digit of 12225236?
6
What is the hundreds digit of 577361?
3
What is the thousands digit of 1873000?
3
What is the ten thousands digit of 281137?
8
What is the hundreds digit of 1072375?
3
What is the ten thousands digit of 749843?
4
What is the tens digit of 7879631?
3
What is the hundred thousands digit of 238367?
2
What is the hundreds digit of 157393?
3
What is the hundreds digit of 2480524?
5
What is the units digit of 297473?
3
What is the ten millions digit of 16259557?
1
What is the ten thousands digit of 1071382?
7
What is the units digit of 720541?
1
What is the units digit of 246678?
8
What is the thousands digit of 2178311?
8
What is the tens digit of 5351512?
1
What is the tens digit of 49546?
4
What is the tens digit of 172143?
4
What is the thousands digit of 6364912?
4
What is the tens digit of 1815230?
3
What is the hundreds digit of 2858301?
3
What is the millions digit of 1955301?
1
What is the ten thousands digit of 2572452?
7
What is the hundreds digit of 10001?
0
What is the tens digit of 366507?
0
What is the millions digit of 19792205?
9
What is the hundred thousands digit of 1338656?
3
What is the hundred thousands digit of 27914899?
9
What is the hundreds digit of 33621827?
8
What is the units digit of 3094254?
4
What is the thousands digit of 247156?
7
What is the ten thousands digit of 7983237?
8
What is the units digit of 610886?
6
What is the ten thousands digit of 271285?
7
What is the tens digit of 229309?
0
What is the hundreds digit of 9300?
3
What is the thousands digit of 298774?
8
What is the tens digit of 7134057?
5
What is the hundred thousands digit of 101783?
1
What is the thousands digit of 8328241?
8
What is the hundreds digit of 1753246?
2
What is the hundreds